e
Is 11 a factor of 2883?
False
Is 6362 a multiple of 64?
False
Is 8 a factor of 4424?
True
Is 58 a multiple of 58?
True
Does 19 divide 625?
False
Is 9 a factor of 403?
False
Is 2079 a multiple of 33?
True
Is 8 a factor of 448?
True
Does 56 divide 11088?
True
Is 5 a factor of 3102?
False
Is 462 a multiple of 33?
True
Is 7 a factor of 115?
False
Does 23 divide 2254?
True
Does 13 divide 258?
False
Is 33139 a multiple of 31?
True
Is 31720 a multiple of 104?
True
Is 95 a multiple of 2?
False
Is 33703 a multiple of 35?
False
Does 19 divide 1652?
False
Does 17 divide 1064?
False
Does 3 divide 170?
False
Does 42 divide 6804?
True
Is 11889 a multiple of 27?
False
Does 8 divide 832?
True
Is 332 a multiple of 76?
False
Does 8 divide 516?
False
Is 44 a factor of 176?
True
Is 6253 a multiple of 16?
False
Is 25 a multiple of 5?
True
Is 13804 a multiple of 14?
True
Is 510 a multiple of 6?
True
Does 148 divide 9620?
True
Does 7 divide 126?
True
Is 68 a factor of 136?
True
Does 31 divide 26712?
False
Does 12 divide 6336?
True
Does 99 divide 2057?
False
Is 2 a factor of 820?
True
Does 163 divide 25428?
True
Does 256 divide 31679?
False
Is 70 a factor of 399?
False
Does 95 divide 12825?
True
Is 14 a multiple of 5?
False
Is 3008 a multiple of 11?
False
Is 403 a multiple of 3?
False
Does 20 divide 29506?
False
Is 2887 a multiple of 88?
False
Does 58 divide 496?
False
Is 110020 a multiple of 10?
True
Is 44 a factor of 4928?
True
Is 1953 a multiple of 7?
True
Is 1081 a multiple of 12?
False
Is 418 a multiple of 11?
True
Is 24208 a multiple of 178?
True
Is 10 a factor of 163?
False
Is 97 a factor of 12263?
False
Is 18 even?
True
Is 711 a multiple of 79?
True
Is 3468 a multiple of 3?
True
Is 20116 a multiple of 107?
True
Does 259 divide 24580?
False
Does 19 divide 10526?
True
Is 38 a factor of 2180?
False
Does 95 divide 2755?
True
Is 11441 a multiple of 91?
False
Is 798 a multiple of 57?
True
Is 34286 a multiple of 21?
False
Is 33826 a multiple of 12?
False
Is 768 a multiple of 12?
True
Is 335 a multiple of 67?
True
Is 135 a multiple of 7?
False
Is 171 a factor of 83854?
False
Is 36 a factor of 510?
False
Is 1955 a multiple of 3?
False
Does 317 divide 15216?
True
Is 36 a factor of 1928?
False
Does 12 divide 7140?
True
Is 1929 a multiple of 8?
False
Does 24 divide 14810?
False
Is 16990 a multiple of 34?
False
Is 276 a multiple of 3?
True
Is 91 a factor of 2002?
True
Does 3 divide 13500?
True
Is 3542 a multiple of 11?
True
Is 19032 a multiple of 31?
False
Is 259 a factor of 9947?
False
Is 577 a multiple of 25?
False
Does 19 divide 1542?
False
Is 71 a factor of 8023?
True
Does 13 divide 15769?
True
Is 5 a factor of 4533?
False
Is 11 a factor of 136?
False
Is 33 a factor of 165?
True
Is 18 a factor of 12780?
True
Does 11 divide 446?
False
Does 12 divide 140?
False
Is 790 even?
True
Is 816 a multiple of 68?
True
Is 23 a factor of 375?
False
Does 106 divide 4770?
True
Is 106 a factor of 2818?
False
Does 35 divide 105?
True
Is 15050 a multiple of 50?
True
Is 11 a factor of 59?
False
Does 65 divide 420?
False
Is 73 a factor of 1288?
False
Is 95 a multiple of 5?
True
Does 35 divide 10397?
False
Is 27 a factor of 1674?
True
Does 51 divide 15462?
False
Does 76 divide 2374?
False
Is 1712 a multiple of 16?
True
Is 1207 a multiple of 17?
True
Is 19710 a multiple of 18?
True
Is 853 a multiple of 17?
False
Is 12701 a multiple of 13?
True
Is 15 a factor of 450?
True
Is 7 a factor of 3457?
False
Does 9 divide 43277?
False
Does 2 divide 147?
False
Is 5900 a multiple of 20?
True
Is 86 a factor of 2322?
True
Does 10 divide 17116?
False
Is 16923 a multiple of 7?
False
Is 27720 a multiple of 12?
True
Does 28 divide 835?
False
Does 2 divide 106?
True
Does 88 divide 1508?
False
Is 23 a factor of 805?
True
Is 5 a factor of 36153?
False
Is 26 a factor of 324?
False
Does 2 divide 473?
False
Does 13 divide 15015?
True
Is 34 a factor of 24140?
True
Is 2036 a multiple of 4?
True
Is 6 a factor of 3054?
True
Is 1187 a multiple of 11?
False
Is 3 a factor of 429?
True
Is 1080 a multiple of 60?
True
Is 8136 a multiple of 24?
True
Is 24 a factor of 14089?
False
Does 10 divide 682?
False
Is 38080 a multiple of 170?
True
Is 37989 a multiple of 145?
False
Does 327 divide 12753?
True
Is 90 a factor of 25560?
True
Is 43 a factor of 946?
True
Does 59 divide 548?
False
Is 84140 a multiple of 14?
True
Is 6112 a multiple of 8?
True
Does 17 divide 3596?
False
Does 14 divide 1050?
True
Is 49 a factor of 23110?
False
Does 82 divide 1128?
False
Is 12 a factor of 768?
True
Is 184 a multiple of 19?
False
Does 20 divide 6212?
False
Is 80 a factor of 32960?
True
Does 4 divide 785?
False
Does 314 divide 37213?
False
Is 4 a factor of 426?
False
Does 54 divide 594?
True
Does 7 divide 4291?
True
Does 19 divide 2743?
False
Is 13 a factor of 9802?
True
Is 9 a factor of 792?
True
Is 9100 a multiple of 182?
True
Is 4898 a multiple of 31?
True
Does 39 divide 741?
True
Does 23 divide 110?
False
Does 3 divide 9249?
True
Does 35 divide 12880?
True
Does 124 divide 8986?
False
Is 3 a factor of 43?
False
Is 12 a factor of 2442?
False
Does 18 divide 54?
True
Is 5 a factor of 115?
True
Does 9 divide 2763?
True
Is 2064 a multiple of 24?
True
Is 32 a factor of 4842?
False
Does 34 divide 15579?
False
Does 16 divide 1472?
True
Is 311 even?
False
Is 8809 a multiple of 16?
False
Is 645 a multiple of 15?
True
Does 80 divide 4408?
False
Is 11 a factor of 3432?
True
Is 430 a multiple of 3?
False
Is 10 a factor of 68140?
True
Is 2574 a multiple of 66?
True
Does 25 divide 10800?
True
Does 13 divide 2528?
False
Is 17 a factor of 21029?
True
Does 13 divide 104050?
False
Does 16 divide 369?
False
Is 54 a factor of 1350?
True
Does 5 divide 92?
False
Does 25 divide 1900?
True
Does 31 divide 555?
False
Is 81 a factor of 1666?
False
Does 7 divide 415?
False
Is 15576 a multiple of 88?
True
Is 56303 a multiple of 39?
False
Is 17195 a multiple of 33?
False
Is 1520 a multiple of 16?
True
Is 18026 a multiple of 14?
False
Does 9 divide 2448?
True
Does 3 divide 314?
False
Is 16 a factor of 2620?
False
Is 49173 a multiple of 37?
True
Does 7 divide 990?
False
Is 4 a factor of 1971?
False
Is 74 a multiple of 6?
False
Does 50 divide 100?
True
Is 14 a factor of 3998?
False
Is 13341 a multiple of 18?
False
Is 15246 a multiple of 22?
True
Does 15 divide 12615?
True
Is 42 a factor of 798?
True
Is 408 a multiple of 68?
True
Is 58 a factor of 348?
True
Is 81 a factor of 888?
False
Is 11523 a multiple of 30?
False
Is 78 a factor of 40489?
False
Is 8 a factor of 71?
False
Does 40 divide 2440?
True
Is 18 a factor of 2016?
True
Is 11 a factor of 517?
True
Does 18 divide 4793?
False
Does 31 divide 417?
False
Is 2 a factor of 12911?
False
Does 154 divide 616?
True
Does 35 divide 5740?
True
Is 1751 a multiple of 103?
True
Is 38 a factor of 2098?
False
Is 8585 a multiple of 17?
True
Is 27 a factor of 1966?
False
Is 89 a factor of 2844?
False
Is 4 a factor of 5024?
True
Does 64 divide 7018?
False
Is 3759 a multiple of 15?
False
Is 1900 a multiple of 39?
False
Is 149 a multiple of 70?
False
Does 4 divide 1683?
False
Does 11 divide 6167?
False
Does 99 divide 198?
True
Does 17 divide 91?
False
Is 22 a factor of 3124?
True
Is 14 a factor of 46786?
False
Does 2 divide 11?
False
Does 17 divide 2446?
False
Does 9 divide 369?
True
Does 89 divide 7387?
True
Does 4 divide 2898?
False
Is 4 a factor of 1243?
False
Is 9 a factor of 612?
True
Does 13 divide 1306?
False
Is 4347 a multiple of 3?
True
Is 65 a factor of 12480?
True
Is 40 a factor of 86340?
False
Is 177 a factor of 18406?
False
Does 18 divide 712?
False
Is 44 a factor of 44?
True
Does 21 divide 2730?
True
Is 308 a multiple of 7?
True
Is 58 a factor of 27492?
True
Does 14 divide 24206?
True
Does 111 divide 5883?
True
Is 9012 a multiple of 8?
False
Is 1300 a multiple of 10?
True
Is 9350 a multiple of 25?
True
Is 123 a factor of 2326?
False
Is 687 even?
False
Does 51 divide 27081?
True
Does 8 divide 705?
False
Is 520 a multiple of 7?
False
Is 701 a multiple of 52?
False
Is 2212 a multiple of 79?
True
Is 74496 a multiple of 256?
True
Is 14 a factor of 1904?
True
Is 20832 a multiple of 186?
True
Is 15454 a multiple of 25?
False
Is 13330 a multiple of 62?
True
Is 1801 a multiple of 14?
False
Is 2 even?
True
Is 429 a multiple of 11?
